highest common factor of 140 and 20.
20
Calculate the greatest common divisor of 10 and 15395.
5
Calculate the highest common divisor of 2816 and 10496.
256
Calculate the greatest common factor of 54 and 243.
27
Calculate the greatest common factor of 40 and 10.
10
What is the greatest common divisor of 170 and 34?
34
What is the greatest common divisor of 272 and 4?
4
Calculate the greatest common factor of 24 and 104.
8
Calculate the greatest common divisor of 21 and 77.
7
Calculate the highest common divisor of 120 and 4320.
120
Calculate the highest common divisor of 26 and 13.
13
What is the highest common divisor of 351 and 2639?
13
What is the greatest common divisor of 488 and 1647?
61
What is the highest common factor of 3950 and 50?
50
Calculate the greatest common factor of 144 and 126.
18
Calculate the highest common divisor of 1020 and 108.
12
Calculate the greatest common divisor of 1750 and 70.
70
What is the greatest common factor of 971 and 4?
1
Calculate the greatest common factor of 1079 and 52.
13
Calculate the greatest common divisor of 13520 and 112.
16
Calculate the highest common divisor of 280 and 27160.
280
What is the highest common divisor of 201 and 40?
1
What is the greatest common factor of 8 and 68?
4
What is the greatest common divisor of 2702 and 28?
14
What is the greatest common factor of 14 and 266?
14
Calculate the greatest common divisor of 740 and 2540.
20
What is the greatest common factor of 118 and 6254?
118
Calculate the greatest common divisor of 737 and 11.
11
Calculate the highest common divisor of 14 and 910.
14
What is the greatest common factor of 666 and 1887?
111
What is the highest common divisor of 195 and 1035?
15
What is the highest common factor of 185 and 5?
5
Calculate the greatest common factor of 250 and 6.
2
Calculate the highest common divisor of 266 and 4921.
133
Calculate the greatest common factor of 16282 and 56.
14
Calculate the highest common divisor of 17190 and 18.
18
Calculate the greatest common divisor of 7 and 189.
7
What is the highest common factor of 64 and 40?
8
What is the greatest common divisor of 44 and 77?
11
What is the highest common factor of 6250 and 225?
25
Calculate the greatest common divisor of 2117 and 58.
29
What is the highest common divisor of 133 and 1?
1
Calculate the highest common divisor of 87 and 3.
3
What is the greatest common factor of 1177 and 143?
11
What is the greatest common divisor of 1580 and 460?
20
What is the greatest common divisor of 72 and 27?
9
Calculate the highest common factor of 249 and 25896.
249
What is the greatest common divisor of 2040 and 34?
34
Calculate the greatest common divisor of 50 and 1280.
10
What is the highest common divisor of 730 and 10?
10
What is the highest common factor of 989 and 5805?
43
Calculate the greatest common divisor of 6 and 24.
6
What is the highest common factor of 23 and 115?
23
What is the greatest common divisor of 216 and 360?
72
What is the greatest common factor of 2754 and 243?
81
What is the highest common divisor of 37 and 7881?
37
What is the highest common divisor of 2388 and 4?
4
Calculate the greatest common factor of 576 and 2376.
72
Calculate the greatest common divisor of 2736 and 76.
76
What is the greatest common divisor of 1125 and 15?
15
What is the greatest common factor of 90 and 1422?
18
What is the greatest common factor of 64 and 8?
8
Calculate the highest common divisor of 45 and 470.
5
What is the greatest common factor of 1344 and 21?
21
What is the greatest common factor of 4416 and 4992?
192
Calculate the greatest common factor of 56 and 11272.
8
Calculate the greatest common divisor of 6192 and 43.
43
Calculate the highest common divisor of 530 and 20.
10
Calculate the greatest common divisor of 125 and 25.
25
Calculate the greatest common divisor of 6 and 219.
3
Calculate the highest common factor of 22 and 198.
22
What is the greatest common divisor of 494 and 13?
13
What is the highest common divisor of 30 and 4500?
30
What is the highest common factor of 504 and 360?
72
Calculate the greatest common divisor of 66 and 492.
6
Calculate the greatest common factor of 27709 and 229.
229
What is the greatest common factor of 110 and 88?
22
What is the greatest common divisor of 37 and 407?
37
Calculate the highest common divisor of 648 and 24.
24
What is the highest common divisor of 763 and 7?
7
Calculate the highest common factor of 63 and 819.
63
What is the highest common divisor of 84 and 2632?
28
Calculate the highest common factor of 578 and 34.
34
What is the highest common divisor of 97 and 45299?
97
What is the greatest common factor of 448 and 28?
28
What is the greatest common factor of 5 and 93?
1
What is the greatest common factor of 2613 and 273?
39
What is the highest common factor of 28 and 30492?
28
What is the greatest common factor of 19604 and 116?
116
What is the highest common factor of 244 and 7198?
122
Calculate the highest common divisor of 28 and 2751.
7
What is the highest common factor of 342 and 4902?
114
Calculate the highest common divisor of 111 and 3.
3
Calculate the greatest common divisor of 375 and 4350.
75
What is the greatest common divisor of 946 and 22?
22
What is the highest common divisor of 4880 and 320?
80
Calculate the greatest common factor of 42 and 7098.
42
What is the greatest common divisor of 1495 and 65?
65
Calculate the highest common factor of 14 and 658.
14
Calculate the highest common factor of 605 and 120.
5
Calculate the highest common factor of 12 and 204.
12
What is the greatest common factor of 10536 and 24?
24
Calculate the highest common factor of 504 and 2576.
56
What is the highest common factor of 74 and 2?
2
Calculate the greatest common divisor of 90 and 30.
30
What is the highest common divisor of 4 and 972?
4
What is the greatest common factor of 483 and 207?
69
What is the greatest common divisor of 232 and 264?
8
Calculate the highest common divisor of 258 and 2967.
129
Calculate the greatest common divisor of 6758 and 62.
62
What is the greatest common factor of 267 and 979?
89
What is the greatest common divisor of 300 and 5?
5
What is the greatest common factor of 192 and 168?
24
Calculate the greatest common factor of 55 and 9.
1
Calculate the greatest common factor of 4 and 10.
2
What is the highest common factor of 3 and 192?
3
Calculate the highest common divisor of 1135 and 40.
5
What is the greatest common factor of 1885 and 870?
145
What is the highest common divisor of 259 and 77?
7
Calculate the greatest common divisor of 15741 and 11.
11
What is the highest common factor of 57 and 33?
3
Calculate the greatest common divisor of 54208 and 14.
14
What is the greatest common divisor of 63 and 3444?
21
Calculate the highest common factor of 2116 and 368.
92
What is the highest common factor of 51 and 33?
3
Calculate the highest common factor of 1717 and 707.
101
Calculate the highest common factor of 1121 and 177.
59
Calculate the greatest common factor of 217 and 29078.
217
What is the highest common factor of 143 and 14443?
143
Calculate the greatest common divisor of 34 and 8.
2
Calculate the greatest common factor of 2535 and 30.
15
What is the greatest common divisor of 518 and 2553?
37
Calculate the highest common factor of 98 and 10458.
14
Calculate the greatest common divisor of 340 and 1088.
68
What is the highest common divisor of 693 and 315?
63
Calculate the greatest common factor of 56 and 2996.
28
What is the greatest common divisor of 2436 and 420?
84
Calculate the greatest common factor of 512 and 24.
8
Calculate the highest common factor of 72254 and 182.
182
What is the highest common divisor of 95 and 817?
19
Calculate the greatest common factor of 44 and 16.
4
What is the greatest common divisor of 940 and 160?
20
What is the greatest common factor of 186 and 48?
6
Calculate the greatest common divisor of 130 and 1235.
65
What is the greatest common divisor of 144 and 480?
48
Calculate the highest common divisor of 108 and 84.
12
What is the highest common factor of 48 and 688?
16
Calculate the highest common factor of 18 and 66.
6
What is the highest common divisor of 1843 and 38?
19
What is the greatest common divisor of 475 and 5035?
95
What is the gre